4. Suppose t + 18*o + 114 = 14*o, -606 = 5*t + 2*o. Let s = t - l. Calculate the highest common divisor of s and 35.
5
Suppose -20*f + 7*f + 208 = 0. Let z = -749 - -751. Calculate the highest common factor of f and z.
2
Let t be (4/((-24)/206))/((-5)/15). What is the highest common factor of 4223 and t?
103
Suppose 11*y + 2*z = 13*y - 146, 0 = y + z - 73. Let a = -40 + y. What is the greatest common divisor of 22 and a?
11
Let z = 48729 - 48718. Let v = 698 + -247. Calculate the greatest common divisor of v and z.
11
Let b = 6506 - 4699. Calculate the highest common factor of b and 13.
13
Suppose -o + 139 = 4*s, 3*s - 2*o - 103 - 15 = 0. Suppose -4*n + 297 + 63 = 0. Calculate the greatest common divisor of n and s.
18
Let v be (5 + -2 + -3)/(-1). Suppose -s - 3*d + 157 = v, -3*s + 4*d = -0*d - 523. What is the greatest common factor of s and 13?
13
Let y = 2623 + -1415. Let r be y/12 - (-4)/3. Let p = -26 + 43. Calculate the highest common factor of p and r.
17
Suppose -2*x - 1 = -5. Suppose x*k - 477 = -221. Calculate the highest common divisor of 16 and k.
16
Suppose 2*b + 4*a = 80, 2*a - a - 146 = -4*b. Suppose 150*m = -q + 155*m + 10, 4*q = -2*m + 260. What is the greatest common factor of q and b?
12
Let o(t) = -30*t**3 + 303*t**2 - 26*t - 8. Let a be o(10). Calculate the greatest common factor of 5528 and a.
8
Let x(b) = -b**3 + 4*b**2 + 3*b - 4. Let a be x(4). Let m be ((-2)/8)/((-2)/a). Let u = 173 - 172. What is the greatest common divisor of u and m?
1
Let g be 3/((-345)/116 - -3). Suppose -3*y + 2*n + 8 = 0, 8*n = 4*y + 5*n - 11. Suppose -47 = -y*x + 11. Calculate the greatest common factor of g and x.
29
Suppose 3*d + 5*c = 130, 369*c - 134 = -3*d + 365*c. What is the greatest common factor of d and 4050?
50
Let a = -183 - -239. Let v be a/(-72)*3*-102. Calculate the greatest common divisor of 35 and v.
7
Let m(k) = 8*k**2 - 29*k + 78. Let l be m(5). What is the greatest common divisor of 3800 and l?
19
Suppose 0 = -4*m - r + 1729, 0 = -108*r + 107*r + 1. Calculate the highest common divisor of 11520 and m.
144
Let h(b) = 13*b**2 - 148*b - 55. Let o be h(16). Calculate the highest common divisor of o and 362.
181
Suppose -6 - 12 = -s - 5*k, -2*s = -2*k - 12. Suppose 245 = s*n - 11. Calculate the greatest common factor of n and 40.
8
Let u(o) = 5*o**2 + 2*o - 4. Let v be u(4). Let j(p) = -51*p + 654. Let d be j(12). Calculate the highest common divisor of d and v.
42
Suppose -26 = 43*p - 61 - 94. What is the highest common divisor of 1293 and p?
3
Let f(n) = 1320*n + 400. Let s be f(3). What is the greatest common divisor of 80 and s?
40
Let l be (0 - -29) + 0*19/(-133). Let z(s) = 10*s**2 + 9*s - 9. Let v be z(-11). What is the highest common divisor of l and v?
29
Suppose 9*r = 165 + 483. Suppose 3*b = -4*l + 72, 0*l - r = -3*b + 4*l. What is the highest common divisor of b and 648?
24
Let u = 549 + -449. Suppose -3*w = 2*w - 125. Suppose 0 = 4*m - 3*m - w. What is the greatest common factor of u and m?
25
Let i be 4 - (-2 + (-354)/(9 + -8)). Calculate the greatest common divisor of i and 792.
72
Suppose 2*m - 57774 = -4*f, -6*f + f = m - 72207. What is the highest common factor of 190 and f?
190
Suppose 29734 = 28*x - 9382. Calculate the greatest common divisor of 187 and x.
11
Suppose -143 = -3*x + 2*y, -8 = 2*y - 6*y. Let j = 174 + -172. Let t be (-57)/(-114)*56/j. What is the highest common divisor of x and t?
7
Suppose 132 = a + 82. Let k(x) = -x - 3. Let g be k(-10). Suppose 3*w + 80 = g*w. What is the highest common divisor of a and w?
10
Let b be (-13 + 12 + 4)*(-10)/(-6). Suppose 501 = 5*c - 3*a - 64, b*c = -3*a + 535. What is the highest common factor of c and 44?
22
Suppose -3*z = 2*d - 2117, -697 = -z + 84*d - 89*d. What is the greatest common factor of 909 and z?
101
Let s(u) = 4*u + 4*u**3 + 13*u**3 - 4*u. Let t be s(1). Suppose 2*y = 4*n - 7*n + 31, 4*n + 4 = 0. What is the highest common divisor of y and t?
17
Let i = 8134 - 7344. What is the highest common factor of 3002 and i?
158
Let z = 50 - 49. Let r = -65 + 93. Suppose -3*x = 1 - r. What is the highest common factor of x and z?
1
Let o = -1818 - -1826. Calculate the greatest common divisor of o and 784.
8
Let m be -5 + 6 - 5/(25/(-120)). Let i(q) = q**2 + 4*q + 5. Let x be i(-3). Let f = x + 23. Calculate the highest common factor of m and f.
25
Let i be (0*(-11)/(-88))/2. Let g = 21 - -11. Suppose i = 4*s - g - 64. What is the greatest common factor of s and 8?
8
Suppose -5*i + 4*a - 6*a + 78178 = 0, i - 15640 = 4*a. What is the greatest common divisor of i and 12?
12
Suppose -9*m - 4*z + 696 = 0, -2*m - z = -18 - 136. Calculate the greatest common divisor of 30 and m.
10
Let l = 128 - 125. Suppose 0 = f + 4*g - 319, l*f = 6*g - 5*g + 957. Calculate the greatest common factor of 29 and f.
29
Let s(y) = 2*y**3 + y**2 - 45*y + 105. Let q be s(3). Calculate the highest common divisor of q and 176.
11
Let o be ((-120764)/2270)/(1/(-25)). Calculate the greatest common divisor of o and 84.
14
Suppose 1148 = 47*f - 43*f. Let p = f + -217. Let z = 50 + -36. What is the highest common factor of p and z?
14
Let m(a) be the third derivative of a**6/120 - a**5/30 - a**4/12 + 89*a**3/2 + 126*a**2. Let y be m(0). What is the greatest common factor of 89 and y?
89
Let o(p) = p**3 - 12*p**2 - p + 6. Let x be o(12). Let b be x/(-4)*-6*-7. Suppose 22*z = 31*z - 378. What is the greatest common factor of z and b?
21
Suppose q = 9*t - 4*t - 4669, 2*q = 2*t - 1858. What is the greatest common divisor of 221 and t?
17
Suppose -2*n = -n - 40. Let o = -12294 - -12344. What is the highest common factor of n and o?
10
Let s(z) = -60*z**2 - 970*z - 96. Let p be s(-16). Suppose 3*k = 2*k - 4*t + 596, -2*k + t + 1147 = 0. Calculate the greatest common factor of p and k.
64
Let j be (26/(-65))/((2/20)/1). Let r be 210/(-18) + j + (-2)/6. Let x be 30/(-24) + (-1140)/r. What is the highest common divisor of x and 7?
7
Let d = 608 + -428. Suppose 0 = -12*a + 291 + 249. Calculate the greatest common factor of a and d.
45
Let s be 3/(3/128) + -2. Let f be (-10 + 7)*((-42)/45)/((-9)/(-45)). What is the greatest common factor of f and s?
14
Let k be 420520/160 + (-9)/(-12). Calculate the highest common factor of 22 and k.
11
Let i(d) = -9*d - 13. Let b be i(15). Let n be b/(-6) - 55/33. Let w be -3 + 1/((-1)/(-49)). Calculate the highest common factor of n and w.
23
Suppose 2840 = -7*w - 13*w. Let n = -98 - w. Calculate the greatest common factor of 44 and n.
44
Let w(c) = 17*c**3 + c**2 - 6*c + 6. Let k be w(1). Let b(u) = 2*u - 24. Let t be b(k). What is the greatest common factor of t and 6?
6
Let f = 560 + -556. Suppose 2*u + 138 = 4*u - 2*p, -f*p + 228 = 3*u. Calculate the highest common factor of u and 36.
36
Let q = -56 + 62. Suppose -3*a - q = -15. Suppose -4*l - a*c + 43 = 0, 3*c + 21 = 2*l + 4*c. Calculate the greatest common factor of 70 and l.
10
Suppose 13*j - 3336 = 5*j. Let w = -381 + j. Let z(r) = -r**2 + 12*r - 2. Let u be z(11). Calculate the highest common divisor of w and u.
9
Suppose -i + 157 = -4*r, 4*i + 47 = -2*r - 45. Let x be (225/12)/((-5)/r). Calculate the greatest common factor of 12 and x.
6
Let g = 380 + -375. Suppose -4*t = -g*l - 254, 4*t - l + 3*l = 240. Calculate the highest common factor of t and 671.
61
Suppose -4*z - 1208 = -1720*u + 1715*u, -3*u + z = -722. What is the greatest common divisor of 17280 and u?
240
Let g(u) = 53 + 6*u + 0*u - 4*u - 2. Let o be g(-15). Calculate the greatest common factor of o and 14.
7
Let p(j) = 103*j**2 - 6*j + 1. Let i be p(1). Suppose -3*b + 63*t - 62*t = -i, 2*b + t = 62. What is the highest common factor of b and 8?
8
Suppose -4*a = 8, 5*g - 266 = -42*a + 45*a. Calculate the highest common factor of 1222 and g.
26
Let q be (-530351)/(-623) + (-5)/(-7). What is the greatest common factor of 6 and q?
6
Let q be (55/(-5))/((1/3)/(-1)). Suppose 15*k - 27 = q. Suppose 2 = s, -s + 10 = v - 0*s. Calculate the highest common factor of v and k.
4
Let m be 14/7*(8*80 - -1). Suppose -5678 - m = -15*s. What is the greatest common factor of s and 58?
58
Let a = -7405 + 11933. Calculate the greatest common factor of a and 112.
16
Let u = 24 - -155. Suppose -256 = 177*r - u*r. Calculate the greatest common divisor of 64 and r.
6